13641 composite?
False
Is 36689933 a composite number?
True
Is 541076633 a composite number?
True
Is 8349065 composite?
True
Is 148970123 a composite number?
False
Is 111283574 prime?
False
Is 238647 prime?
False
Is 107055931 composite?
True
Is 10770631 prime?
True
Is 351643 a composite number?
False
Is 101877077 composite?
True
Is 106949527 composite?
True
Is 125484257 prime?
True
Is 17988769 a composite number?
True
Is 64178606 prime?
False
Is 597967 a prime number?
True
Is 484691 prime?
True
Is 9202465 composite?
True
Is 45056665 prime?
False
Is 569129542 composite?
True
Is 84936083 prime?
True
Is 3115309 a prime number?
False
Is 101657561 a composite number?
False
Is 790271 prime?
True
Is 19779577 a composite number?
False
Is 20555369 composite?
False
Is 2008871 a composite number?
False
Is 1146697 prime?
True
Is 3889141 a prime number?
False
Is 32145133 composite?
True
Is 15691097 composite?
True
Is 3481423 prime?
False
Is 8770579 a composite number?
True
Is 4528817 prime?
False
Is 71009485 composite?
True
Is 20862841 prime?
True
Is 3479051 a composite number?
False
Is 8115293 prime?
True
Is 12271247 a prime number?
True
Is 2563913 composite?
True
Is 819865 a prime number?
False
Is 95340479 composite?
True
Is 3697399 composite?
True
Is 242180831 a composite number?
False
Is 13645691 composite?
False
Is 98069941 composite?
False
Is 150058927 prime?
True
Is 54607031 a prime number?
False
Is 23978651 composite?
False
Is 128585 prime?
False
Is 368699137 prime?
True
Is 259099 prime?
True
Is 1142777 composite?
False
Is 32981737 composite?
True
Is 772697 a prime number?
True
Is 37141667 a composite number?
False
Is 510179965 composite?
True
Is 164768143 a prime number?
False
Is 6467597 a prime number?
True
Is 4092931 a prime number?
True
Is 7790071 a prime number?
False
Is 13610123 a prime number?
True
Is 16056991 composite?
True
Is 15762287 a composite number?
False
Is 62651711 a composite number?
False
Is 2658517 prime?
False
Is 3256447 prime?
False
Is 285127103 a prime number?
False
Is 570881 a composite number?
False
Is 5378183 composite?
True
Is 12881527 composite?
True
Is 89568209 a prime number?
True
Is 4376257 composite?
True
Is 3328427 a prime number?
True
Is 90757 a composite number?
True
Is 7375273 a composite number?
False
Is 3765707 composite?
True
Is 249010901 composite?
True
Is 860141 prime?
False
Is 8054731 a composite number?
False
Is 2633619 a composite number?
True
Is 104000881 prime?
False
Is 82275451 prime?
False
Is 197100191 prime?
True
Is 120583651 composite?
True
Is 5337893 a prime number?
False
Is 107222363 a prime number?
True
Is 26636083 a prime number?
False
Is 32088653 prime?
True
Is 27686507 composite?
False
Is 5511581 a prime number?
True
Is 11210201 composite?
False
Is 4342487 a composite number?
False
Is 4879417 a prime number?
False
Is 5637857 a composite number?
False
Is 52609 a prime number?
True
Is 133885249 composite?
True
Is 9495997 composite?
True
Is 30162655 composite?
True
Is 21437863 a composite number?
True
Is 8734769 prime?
True
Is 29277047 a prime number?
True
Is 28339499 a prime number?
True
Is 112516633 prime?
True
Is 6357301 composite?
False
Is 232025539 composite?
True
Is 1450429 a composite number?
False
Is 121905659 prime?
True
Is 63678319 a prime number?
False
Is 39367103 prime?
False
Is 135585946 a composite number?
True
Is 184259 prime?
True
Is 12030665 a prime number?
False
Is 578211 prime?
False
Is 59237209 a prime number?
False
Is 4716851 prime?
True
Is 1126821 composite?
True
Is 6060326 prime?
False
Is 9413 prime?
True
Is 98473493 composite?
True
Is 7052699 composite?
False
Is 4021799 prime?
False
Is 9677831 composite?
True
Is 781499 a prime number?
False
Is 41907583 composite?
False
Is 135647657 a composite number?
True
Is 7356691 a composite number?
True
Is 419336711 composite?
False
Is 23862149 a prime number?
False
Is 3863363 prime?
False
Is 2276321 composite?
True
Is 7609069 a composite number?
True
Is 52760881 prime?
False
Is 225973469 composite?
True
Is 1212837289 a prime number?
True
Is 2872397 a composite number?
True
Is 8307631 a composite number?
False
Is 81156089 composite?
True
Is 127845139 a composite number?
False
Is 916859 a composite number?
False
Is 428629 a prime number?
True
Is 55187851 composite?
True
Is 52606111 composite?
True
Is 29025587 a composite number?
False
Is 7817 composite?
False
Is 2199061 composite?
False
Is 10881677 composite?
False
Is 12464101 prime?
False
Is 225931703 a composite number?
False
Is 3576191 prime?
False
Is 279503 composite?
True
Is 38171897 prime?
False
Is 2622955 a composite number?
True
Is 4070861 a composite number?
False
Is 59600389 a composite number?
True
Is 27273794 a prime number?
False
Is 2454149 a prime number?
True
Is 10036127 a prime number?
True
Is 5522945 a prime number?
False
Is 37337857 composite?
True
Is 38100707 composite?
True
Is 3840127 composite?
False
Is 7385551 a prime number?
False
Is 703489 prime?
True
Is 28255267 composite?
False
Is 1529989 a prime number?
True
Is 5812769 composite?
True
Is 786271 a prime number?
True
Is 2454889 prime?
True
Is 8866391 composite?
False
Is 3570431 prime?
True
Is 734005 a prime number?
False
Is 53297983 a composite number?
True
Is 98070719 a composite number?
False
Is 423593 prime?
False
Is 24083057 prime?
True
Is 4850843 composite?
False
Is 1382551 composite?
False
Is 88355539 a composite number?
False
Is 127347479 composite?
True
Is 1400669 prime?
True
Is 69916783 a composite number?
True
Is 83702659 composite?
False
Is 2342771 a composite number?
False
Is 36855557 composite?
False
Is 78006967 a prime number?
True
Is 19315753 a composite number?
False
Is 5289101 prime?
True
Is 4201889 a composite number?
False
Is 2789851 a composite number?
True
Is 202850421 a prime number?
False
Is 99162647 composite?
True
Is 6027859 composite?
True
Is 13697261 composite?
False
Is 8099521 a prime number?
True
Is 123737641 a prime number?
True
Is 9772969 prime?
True
Is 137152367 composite?
True
Is 81105091 a prime number?
False
Is 79345573 a composite number?
False
Is 903041 a prime number?
False
Is 335413763 composite?
True
Is 31299347 prime?
True
Is 10016873 composite?
True
Is 794993 prime?
True
Is 1285933 composite?
True
Is 119455081 composite?
False
Is 54217133 prime?
True
Is 223644343 a composite number?
True
Is 12099011 composite?
False
Is 1575811 composite?
False
Is 218887555 a composite number?
True
Is 64827863 composite?
False
Is 1754143 a prime number?
True
Is 50657701 a prime number?
True
Is 684891989 composite?
False
Is 22031747 a prime number?
True
Is 31762469 composite?
False
Is 176762471 composite?
False
Is 10668881 a composite number?
True
Is 21185441 composite?
False
Is 77401397 a composite number?
True
Is 5604007 a prime number?
True
Is 132590969 a composite number?
True
Is 56560187 composite?
False
Is 3399203 a prime number?
False
Is 14007517 a prime number?
True
Is 10075537 prime?
True
Is 2004161 prime?
False
Is 253716643 composite?
False
Is 1473841 a composite number?
False
Is 1623711935 a prime number?
False
Is 264093458 a prime number?
False
Is 184952359 a prime number?
False
Is 102615557 a prime number?
False
Is 158022287 composite?
True
Is 47450999 composite?
True
Is 5665639 a composite number?
True
Is 6889101 a prime number?
False
Is 22035731 prime?
True
Is 29122111 prime?
True
Is 9882503 a prime number?
True
Is 134124347 composite?
True
Is 22150343 composite?
True
Is 3275687 composite?
False
Is 47630101 a prime number?
True
Is 33530677 composite?
False
Is 7284479 a prime number?
False
Is 76243451 a composite number?
False
Is 21208349 a prime number?
True
Is 185231251 a composite number?
True
Is 18357461 a prime number?
True
Is 3487483 prime?
False
Is 2716811 composite?
False
Is 10142555 prime?
False
Is 2350429 prime?
True
Is 152864429 a prime number?
True
Is 4886927 a composite number?
True
Is 104347409 a prime number?
False
Is 5487539 composite?
False
Is 111437 composite?
True
Is 937226 composite?
True
Is 110686759 a prime number?
True
Is 1877221 a prime number?
True
Is 28944143 prime?
False
Is 15482531 a prime number?
True
Is 1709593 composite?
False
Is 1420789 prime?
True
Is 29514841 prime?
False
Is 5704505 a prime number?
False
Is 1777603 composite?
True
Is 725